{"id":586,"date":"2024-10-23T11:14:38","date_gmt":"2024-10-23T11:14:38","guid":{"rendered":"https:\/\/smallable-project.eu\/?page_id=586"},"modified":"2024-10-23T11:17:44","modified_gmt":"2024-10-23T11:17:44","slug":"a-projekt-indokait","status":"publish","type":"page","link":"https:\/\/smallable-project.eu\/?page_id=586&lang=hu","title":{"rendered":"A projekt indokait"},"content":{"rendered":"\t\t<div data-elementor-type=\"wp-page\" data-elementor-id=\"586\" class=\"elementor elementor-586\">\n\t\t\t\t\t\t<section class=\"elementor-section elementor-top-section elementor-element elementor-element-18f7852c elementor-section-content-middle elementor-section-boxed elementor-section-height-default elementor-section-height-default\" data-id=\"18f7852c\" data-element_type=\"section\" data-settings=\"{&quot;background_background&quot;:&quot;classic&quot;}\">\n\t\t\t\t\t\t<div class=\"elementor-container elementor-column-gap-no\">\n\t\t\t\t\t<div class=\"elementor-column elementor-col-100 elementor-top-column elementor-element elementor-element-4d407d3e\" data-id=\"4d407d3e\" data-element_type=\"column\">\n\t\t\t<div class=\"elementor-widget-wrap\">\n\t\t\t\t\t\t\t<\/div>\n\t\t<\/div>\n\t\t\t\t\t<\/div>\n\t\t<\/section>\n\t\t\t\t<section class=\"elementor-section elementor-top-section elementor-element elementor-element-5b246ca6 elementor-section-boxed elementor-section-height-default elementor-section-height-default\" data-id=\"5b246ca6\" data-element_type=\"section\">\n\t\t\t\t\t\t<div class=\"elementor-container elementor-column-gap-default\">\n\t\t\t\t\t<div class=\"elementor-column elementor-col-100 elementor-top-column elementor-element elementor-element-2e7f604\" data-id=\"2e7f604\" data-element_type=\"column\">\n\t\t\t<div class=\"elementor-widget-wrap elementor-element-populated\">\n\t\t\t\t\t\t<div class=\"elementor-element elementor-element-44590dc5 elementor-widget elementor-widget-heading\" data-id=\"44590dc5\" data-element_type=\"widget\" data-widget_type=\"heading.default\">\n\t\t\t\t<div class=\"elementor-widget-container\">\n\t\t\t<h4 class=\"elementor-heading-title elementor-size-large\">A PROJEKT INDOKAIT<\/h4>\t\t<\/div>\n\t\t\t\t<\/div>\n\t\t\t\t<div class=\"elementor-element elementor-element-4c6bc7f2 elementor-widget-divider--separator-type-pattern elementor-widget-divider--no-spacing elementor-widget-divider--view-line elementor-widget elementor-widget-divider\" data-id=\"4c6bc7f2\" data-element_type=\"widget\" data-widget_type=\"divider.default\">\n\t\t\t\t<div class=\"elementor-widget-container\">\n\t\t\t\t\t<div class=\"elementor-divider\" style=\"--divider-pattern-url: url(&quot;data:image\/svg+xml,%3Csvg xmlns=&#039;http:\/\/www.w3.org\/2000\/svg&#039; preserveAspectRatio=&#039;xMidYMid meet&#039; overflow=&#039;visible&#039; height=&#039;100%&#039; viewBox=&#039;0 0 126 26&#039; fill=&#039;black&#039; stroke=&#039;none&#039;%3E%3Cpath d=&#039;M3,10.2c2.6,0,2.6,2,2.6,3.2S4.4,16.5,3,16.5s-3-1.4-3-3.2S0.4,10.2,3,10.2z M18.8,10.2c1.7,0,3.2,1.4,3.2,3.2s-1.4,3.2-3.2,3.2c-1.7,0-3.2-1.4-3.2-3.2S17,10.2,18.8,10.2z M34.6,10.2c1.5,0,2.6,1.4,2.6,3.2s-0.5,3.2-1.9,3.2c-1.5,0-3.4-1.4-3.4-3.2S33.1,10.2,34.6,10.2z M50.5,10.2c1.7,0,3.2,1.4,3.2,3.2s-1.4,3.2-3.2,3.2c-1.7,0-3.3-0.9-3.3-2.6S48.7,10.2,50.5,10.2z M66.2,10.2c1.5,0,3.4,1.4,3.4,3.2s-1.9,3.2-3.4,3.2c-1.5,0-2.6-0.4-2.6-2.1S64.8,10.2,66.2,10.2z M82.2,10.2c1.7,0.8,2.6,1.4,2.6,3.2s-0.1,3.2-1.6,3.2c-1.5,0-3.7-1.4-3.7-3.2S80.5,9.4,82.2,10.2zM98.6,10.2c1.5,0,2.6,0.4,2.6,2.1s-1.2,4.2-2.6,4.2c-1.5,0-3.7-0.4-3.7-2.1S97.1,10.2,98.6,10.2z M113.4,10.2c1.2,0,2.2,0.9,2.2,3.2s-0.1,3.2-1.3,3.2s-3.1-1.4-3.1-3.2S112.2,10.2,113.4,10.2z&#039;\/%3E%3C\/svg%3E&quot;);\">\n\t\t\t<span class=\"elementor-divider-separator\">\n\t\t\t\t\t\t<\/span>\n\t\t<\/div>\n\t\t\t\t<\/div>\n\t\t\t\t<\/div>\n\t\t\t\t\t<\/div>\n\t\t<\/div>\n\t\t\t\t\t<\/div>\n\t\t<\/section>\n\t\t\t\t<section class=\"elementor-section elementor-top-section elementor-element elementor-element-582ec8c elementor-section-boxed elementor-section-height-default elementor-section-height-default\" data-id=\"582ec8c\" data-element_type=\"section\">\n\t\t\t\t\t\t<div class=\"elementor-container elementor-column-gap-default\">\n\t\t\t\t\t<div class=\"elementor-column elementor-col-100 elementor-top-column elementor-element elementor-element-679c250\" data-id=\"679c250\" data-element_type=\"column\">\n\t\t\t<div class=\"elementor-widget-wrap elementor-element-populated\">\n\t\t\t\t\t\t<section class=\"elementor-section elementor-inner-section elementor-element elementor-element-79bee55 elementor-section-boxed elementor-section-height-default elementor-section-height-default\" data-id=\"79bee55\" data-element_type=\"section\">\n\t\t\t\t\t\t<div class=\"elementor-container elementor-column-gap-default\">\n\t\t\t\t\t<div class=\"elementor-column elementor-col-50 elementor-inner-column elementor-element elementor-element-871a4b7\" data-id=\"871a4b7\" data-element_type=\"column\">\n\t\t\t<div class=\"elementor-widget-wrap elementor-element-populated\">\n\t\t\t\t\t\t<div class=\"elementor-element elementor-element-197ef61 elementor-widget elementor-widget-text-editor\" data-id=\"197ef61\" data-element_type=\"widget\" data-widget_type=\"text-editor.default\">\n\t\t\t\t<div class=\"elementor-widget-container\">\n\t\t\t\t\t\t\t<p>A SMALLABLE projekt ind\u00edt\u00e1s\u00e1nak oka az a t\u00f6rekv\u00e9s, hogy az EU \u00e1ltal t\u00e1mogatott szakpolitik\u00e1kkal kapcsolatban kiemelj\u00fck a t\u00f6r\u00e9keny \u00e9s margin\u00e1lis helyzetek k\u00f6zponti szerep\u00e9t. Ez a k\u00f6zponti szerep egyr\u00e9szt az EU \u00e1ltal t\u00e1mogatott konkr\u00e9t politik\u00e1kban nyilv\u00e1nul meg, amely projektek \u00e9s konkr\u00e9t p\u00e9nz\u00fcgyi forr\u00e1sok eloszt\u00e1sa r\u00e9v\u00e9n egyar\u00e1nt befektet ezekbe a ter\u00fcletekbe; m\u00e1sr\u00e9szt pedig az \u00e1ltal\u00e1nos politik\u00e1kra \u00f6sszpontos\u00edtva, amelyek hat\u00e1sai k\u00f6zvetlen\u00fcl \u00e9rintik ezeket a ter\u00fcleti kontextusokat. M\u00e1s sz\u00f3val, az eur\u00f3pai integr\u00e1ci\u00f3s folyamat meger\u0151s\u00edt\u00e9s\u00e9vel kapcsolatos c\u00e9lkit\u0171z\u00e9sek, valamint az eur\u00f3pai int\u00e9zm\u00e9nyek m\u00e9lt\u00f3s\u00e1g\u00e1nak helyre\u00e1ll\u00edt\u00e1s\u00e1ra, a polg\u00e1rok \u00f6sszetartoz\u00e1s-tudat\u00e1nak \u00f6szt\u00f6nz\u00e9s\u00e9re \u00e9s a polg\u00e1rok k\u00f6z\u00f6tti szolidarit\u00e1s fejleszt\u00e9s\u00e9re ir\u00e1nyul\u00f3 c\u00e9lkit\u0171z\u00e9sek olyan \u00e9rt\u00e9keket k\u00e9pviselnek, amelyek k\u00f6zvetlen\u00fcl bevonj\u00e1k, v\u00e9dik \u00e9s t\u00e1mogatj\u00e1k m\u00e9g a leg\u00e9rz\u00e9kenyebb \u00e9s legperif\u00e9ri\u00e1lisabb ter\u00fcleti val\u00f3s\u00e1gokat is, \u00f6szt\u00f6n\u00f6zve a helyi k\u00f6z\u00f6ss\u00e9gek mozg\u00f3s\u00edt\u00e1s\u00e1t a marginaliz\u00e1ci\u00f3s folyamatokb\u00f3l val\u00f3 endog\u00e9n ki\u00fatkeres\u00e9sre.<\/p>\t\t\t\t\t\t<\/div>\n\t\t\t\t<\/div>\n\t\t\t\t\t<\/div>\n\t\t<\/div>\n\t\t\t\t<div class=\"elementor-column elementor-col-50 elementor-inner-column elementor-element elementor-element-ab8322f\" data-id=\"ab8322f\" data-element_type=\"column\">\n\t\t\t<div class=\"elementor-widget-wrap elementor-element-populated\">\n\t\t\t\t\t\t<div class=\"elementor-element elementor-element-c1db5ad elementor-widget__width-initial elementor-widget elementor-widget-image\" data-id=\"c1db5ad\" data-element_type=\"widget\" data-widget_type=\"image.default\">\n\t\t\t\t<div class=\"elementor-widget-container\">\n\t\t\t\t\t\t\t\t\t\t\t\t\t<img fetchpriority=\"high\" decoding=\"async\" width=\"300\" height=\"300\" src=\"https:\/\/smallable-project.eu\/wp-content\/uploads\/2023\/08\/3-2-300x300.png\" class=\"attachment-medium size-medium wp-image-183\" alt=\"\" srcset=\"https:\/\/smallable-project.eu\/wp-content\/uploads\/2023\/08\/3-2-300x300.png 300w, https:\/\/smallable-project.eu\/wp-content\/uploads\/2023\/08\/3-2-1024x1024.png 1024w, https:\/\/smallable-project.eu\/wp-content\/uploads\/2023\/08\/3-2-150x150.png 150w, https:\/\/smallable-project.eu\/wp-content\/uploads\/2023\/08\/3-2-768x768.png 768w, https:\/\/smallable-project.eu\/wp-content\/uploads\/2023\/08\/3-2-600x600.png 600w, https:\/\/smallable-project.eu\/wp-content\/uploads\/2023\/08\/3-2.png 1080w\" sizes=\"(max-width: 300px) 100vw, 300px\" \/>\t\t\t\t\t\t\t\t\t\t\t\t\t<\/div>\n\t\t\t\t<\/div>\n\t\t\t\t\t<\/div>\n\t\t<\/div>\n\t\t\t\t\t<\/div>\n\t\t<\/section>\n\t\t\t\t\t<\/div>\n\t\t<\/div>\n\t\t\t\t\t<\/div>\n\t\t<\/section>\n\t\t\t\t<section class=\"elementor-section elementor-top-section elementor-element elementor-element-74e206b elementor-section-boxed elementor-section-height-default elementor-section-height-default\" data-id=\"74e206b\" data-element_type=\"section\">\n\t\t\t\t\t\t<div class=\"elementor-container elementor-column-gap-default\">\n\t\t\t\t\t<div class=\"elementor-column elementor-col-100 elementor-top-column elementor-element elementor-element-908c017\" data-id=\"908c017\" data-element_type=\"column\">\n\t\t\t<div class=\"elementor-widget-wrap elementor-element-populated\">\n\t\t\t\t\t\t<section class=\"elementor-section elementor-inner-section elementor-element elementor-element-dd702a9 elementor-section-boxed elementor-section-height-default elementor-section-height-default\" data-id=\"dd702a9\" data-element_type=\"section\">\n\t\t\t\t\t\t<div class=\"elementor-container elementor-column-gap-default\">\n\t\t\t\t\t<div class=\"elementor-column elementor-col-100 elementor-inner-column elementor-element elementor-element-d5f0cf0\" data-id=\"d5f0cf0\" data-element_type=\"column\">\n\t\t\t<div class=\"elementor-widget-wrap elementor-element-populated\">\n\t\t\t\t\t\t<div class=\"elementor-element elementor-element-3ef5efa elementor-widget elementor-widget-text-editor\" data-id=\"3ef5efa\" data-element_type=\"widget\" data-widget_type=\"text-editor.default\">\n\t\t\t\t<div class=\"elementor-widget-container\">\n\t\t\t\t\t\t\t<p>A konkr\u00e9t \u00e9s tart\u00f3s eredm\u00e9nyek el\u00e9r\u00e9s\u00e9re t\u00f6rekv\u0151, hat\u00e1sos beavatkoz\u00e1sok v\u00e9grehajt\u00e1s\u00e1hoz meg kell v\u00e1ltoztatni a sz\u00e9les k\u00f6rben elterjedt, de t\u00e9ves felfog\u00e1st, \u00e9s pozit\u00edvabb k\u00e9pet kell alkotni a peremter\u00fcletekr\u0151l, a vid\u00e9ki \u00e9s hegyvid\u00e9ki ter\u00fcletekr\u0151l. Ez\u00e9rt hely\u00e9nval\u00f3 szembesz\u00e1llni a hanyatl\u00e1s vagy h\u00e1tr\u00e1nyos helyzet, az eln\u00e9ptelened\u00e9s \u00e9s az elhagy\u00e1s l\u00e1tsz\u00f3lag elker\u00fclhetetlennek t\u0171n\u0151 fogalmaival, amelyeket hagyom\u00e1nyosan ezekhez a ter\u00fcletekhez t\u00e1rs\u00edtanak, \u00e9s ehelyett kedvez\u0151 \u00e9s el\u0151ny\u00f6s k\u00e9peket \u00e9s forgat\u00f3k\u00f6nyveket n\u00e9pszer\u0171s\u00edteni, amelyek k\u00e9pesek helyre\u00e1ll\u00edtani az ezeken a ter\u00fcleteken megtelepedett \u00e9rt\u00e9kek gazdags\u00e1g\u00e1t \u00e9s az aktiv\u00e1lhat\u00f3 er\u0151forr\u00e1sok sz\u00e9les heterogenit\u00e1s\u00e1t, amelyek k\u00f6r\u00e9 gazdas\u00e1gilag, t\u00e1rsadalmilag \u00e9s k\u00f6rnyezetv\u00e9delmi szempontb\u00f3l fenntarthat\u00f3 utakat lehet \u00e9p\u00edteni.<\/p><p>M\u00e1s sz\u00f3val, a t\u00f6rt\u00e9netileg domin\u00e1ns narrat\u00edva megv\u00e1ltoztat\u00e1s\u00e1r\u00f3l van sz\u00f3 a perspekt\u00edva megford\u00edt\u00e1sa r\u00e9v\u00e9n, amelyet a projekt a k\u00f6z\u00f6ss\u00e9gek tudatos\u00edt\u00e1sa r\u00e9v\u00e9n k\u00edv\u00e1n el\u00e9rni, hogy a marginalit\u00e1s nem egy elker\u00fclhetetlen, helyi \u00e9s elszigetelt \u00e1llapotot jelent, hanem az eur\u00f3pai region\u00e1lis \u00f6sszef\u00fcgg\u00e9sek jelent\u0151s r\u00e9sz\u00e9t \u00e9rinti, amely szinte minden EU-tag\u00e1llamban jelen van. Ez\u00e9rt a k\u00f6z\u00f6ss\u00e9gi kontextusban a hasonl\u00f3 val\u00f3s\u00e1gok azonos\u00edt\u00e1s\u00e1r\u00f3l van sz\u00f3, \u00e9s annak m\u00e9rlegel\u00e9s\u00e9r\u0151l, hogy a saj\u00e1tos k\u00fcl\u00f6nbs\u00e9gek ellen\u00e9re hogyan lehets\u00e9ges alternat\u00edv j\u00f6v\u0151beli forgat\u00f3k\u00f6nyveket elk\u00e9pzelni \u00e9s kidolgozni.<\/p>\t\t\t\t\t\t<\/div>\n\t\t\t\t<\/div>\n\t\t\t\t\t<\/div>\n\t\t<\/div>\n\t\t\t\t\t<\/div>\n\t\t<\/section>\n\t\t\t\t\t<\/div>\n\t\t<\/div>\n\t\t\t\t\t<\/div>\n\t\t<\/section>\n\t\t\t\t<section class=\"elementor-section elementor-top-section elementor-element elementor-element-14975ad elementor-section-boxed elementor-section-height-default elementor-section-height-default\" data-id=\"14975ad\" data-element_type=\"section\">\n\t\t\t\t\t\t<div class=\"elementor-container elementor-column-gap-default\">\n\t\t\t\t\t<div class=\"elementor-column elementor-col-100 elementor-top-column elementor-element elementor-element-813b6f0\" data-id=\"813b6f0\" data-element_type=\"column\">\n\t\t\t<div class=\"elementor-widget-wrap elementor-element-populated\">\n\t\t\t\t\t\t<div class=\"elementor-element elementor-element-0b7182a elementor-widget elementor-widget-spacer\" data-id=\"0b7182a\" data-element_type=\"widget\" data-widget_type=\"spacer.default\">\n\t\t\t\t<div class=\"elementor-widget-container\">\n\t\t\t\t\t<div class=\"elementor-spacer\">\n\t\t\t<div class=\"elementor-spacer-inner\"><\/div>\n\t\t<\/div>\n\t\t\t\t<\/div>\n\t\t\t\t<\/div>\n\t\t\t\t\t<\/div>\n\t\t<\/div>\n\t\t\t\t\t<\/div>\n\t\t<\/section>\n\t\t\t\t<\/div>\n\t\t","protected":false},"excerpt":{"rendered":"<p>A PROJEKT INDOKAIT A SMALLABLE projekt ind\u00edt\u00e1s\u00e1nak oka az a t\u00f6rekv\u00e9s, hogy az EU \u00e1ltal t\u00e1mogatott szakpolitik\u00e1kkal kapcsolatban kiemelj\u00fck a t\u00f6r\u00e9keny \u00e9s margin\u00e1lis helyzetek k\u00f6zponti szerep\u00e9t. Ez a k\u00f6zponti szerep egyr\u00e9szt az EU \u00e1ltal t\u00e1mogatott konkr\u00e9t politik\u00e1kban nyilv\u00e1nul meg, amely projektek \u00e9s konkr\u00e9t p\u00e9nz\u00fcgyi forr\u00e1sok eloszt\u00e1sa r\u00e9v\u00e9n egyar\u00e1nt befektet ezekbe a ter\u00fcletekbe; m\u00e1sr\u00e9szt pedig az [&hellip;]<\/p>\n","protected":false},"author":1,"featured_media":0,"parent":0,"menu_order":0,"comment_status":"closed","ping_status":"closed","template":"","meta":{"ocean_post_layout":"full-screen","ocean_both_sidebars_style":"","ocean_both_sidebars_content_width":0,"ocean_both_sidebars_sidebars_width":0,"ocean_sidebar":"0","ocean_second_sidebar":"0","ocean_disable_margins":"enable","ocean_add_body_class":"","ocean_shortcode_before_top_bar":"","ocean_shortcode_after_top_bar":"","ocean_shortcode_before_header":"","ocean_shortcode_after_header":"","ocean_has_shortcode":"","ocean_shortcode_after_title":"","ocean_shortcode_before_footer_widgets":"","ocean_shortcode_after_footer_widgets":"","ocean_shortcode_before_footer_bottom":"","ocean_shortcode_after_footer_bottom":"","ocean_display_top_bar":"default","ocean_display_header":"default","ocean_header_style":"","ocean_center_header_left_menu":"0","ocean_custom_header_template":"0","ocean_custom_logo":0,"ocean_custom_retina_logo":0,"ocean_custom_logo_max_width":0,"ocean_custom_logo_tablet_max_width":0,"ocean_custom_logo_mobile_max_width":0,"ocean_custom_logo_max_height":0,"ocean_custom_logo_tablet_max_height":0,"ocean_custom_logo_mobile_max_height":0,"ocean_header_custom_menu":"0","ocean_menu_typo_font_family":"0","ocean_menu_typo_font_subset":"","ocean_menu_typo_font_size":0,"ocean_menu_typo_font_size_tablet":0,"ocean_menu_typo_font_size_mobile":0,"ocean_menu_typo_font_size_unit":"px","ocean_menu_typo_font_weight":"","ocean_menu_typo_font_weight_tablet":"","ocean_menu_typo_font_weight_mobile":"","ocean_menu_typo_transform":"","ocean_menu_typo_transform_tablet":"","ocean_menu_typo_transform_mobile":"","ocean_menu_typo_line_height":0,"ocean_menu_typo_line_height_tablet":0,"ocean_menu_typo_line_height_mobile":0,"ocean_menu_typo_line_height_unit":"","ocean_menu_typo_spacing":0,"ocean_menu_typo_spacing_tablet":0,"ocean_menu_typo_spacing_mobile":0,"ocean_menu_typo_spacing_unit":"","ocean_menu_link_color":"","ocean_menu_link_color_hover":"","ocean_menu_link_color_active":"","ocean_menu_link_background":"","ocean_menu_link_hover_background":"","ocean_menu_link_active_background":"","ocean_menu_social_links_bg":"","ocean_menu_social_hover_links_bg":"","ocean_menu_social_links_color":"","ocean_menu_social_hover_links_color":"","ocean_disable_title":"on","ocean_disable_heading":"default","ocean_post_title":"","ocean_post_subheading":"","ocean_post_title_style":"","ocean_post_title_background_color":"","ocean_post_title_background":0,"ocean_post_title_bg_image_position":"","ocean_post_title_bg_image_attachment":"","ocean_post_title_bg_image_repeat":"","ocean_post_title_bg_image_size":"","ocean_post_title_height":0,"ocean_post_title_bg_overlay":0.5,"ocean_post_title_bg_overlay_color":"","ocean_disable_breadcrumbs":"default","ocean_breadcrumbs_color":"","ocean_breadcrumbs_separator_color":"","ocean_breadcrumbs_links_color":"","ocean_breadcrumbs_links_hover_color":"","ocean_display_footer_widgets":"default","ocean_display_footer_bottom":"default","ocean_custom_footer_template":"0","footnotes":""},"class_list":["post-586","page","type-page","status-publish","hentry","entry"],"_links":{"self":[{"href":"https:\/\/smallable-project.eu\/index.php?rest_route=\/wp\/v2\/pages\/586","targetHints":{"allow":["GET"]}}],"collection":[{"href":"https:\/\/smallable-project.eu\/index.php?rest_route=\/wp\/v2\/pages"}],"about":[{"href":"https:\/\/smallable-project.eu\/index.php?rest_route=\/wp\/v2\/types\/page"}],"author":[{"embeddable":true,"href":"https:\/\/smallable-project.eu\/index.php?rest_route=\/wp\/v2\/users\/1"}],"replies":[{"embeddable":true,"href":"https:\/\/smallable-project.eu\/index.php?rest_route=%2Fwp%2Fv2%2Fcomments&post=586"}],"version-history":[{"count":7,"href":"https:\/\/smallable-project.eu\/index.php?rest_route=\/wp\/v2\/pages\/586\/revisions"}],"predecessor-version":[{"id":593,"href":"https:\/\/smallable-project.eu\/index.php?rest_route=\/wp\/v2\/pages\/586\/revisions\/593"}],"wp:attachment":[{"href":"https:\/\/smallable-project.eu\/index.php?rest_route=%2Fwp%2Fv2%2Fmedia&parent=586"}],"curies":[{"name":"wp","href":"https:\/\/api.w.org\/{rel}","templated":true}]}}